2300 = -5*n + 2*t + 3*t. What is the hundreds digit of n?
4
Let p(u) = -2*u + 10. Let b be p(5). Let z be -9*(-3)/(b - -9). What is the tens digit of -2*2*(1278/(-24))/z?
7
Let l = 49073 - 33813. What is the tens digit of l?
6
Suppose -9*v - 11*v + 109016 = -800684. What is the hundreds digit of v?
4
Let x = 1429 - -1119. Suppose f = -f - 3*w + x, 20 = 5*w. What is the hundreds digit of f?
2
Let l(t) = 501*t + 1729. What is the units digit of l(30)?
9
Let u(f) = -f**2 - f - 6. Let r be u(4). Let w = r + 31. Suppose -w*y + 191 = -14. What is the units digit of y?
1
Let q(o) = 60*o + 5. Let y be q(-1). Let p = 180 + y. What is the hundreds digit of p?
1
Let y be 9/15 - (-22)/5. Suppose 0 = -y*n - 4*i - 178, -n + 5*i = 3*i + 30. What is the units digit of (n/(-51))/((-2)/(-258))?
6
What is the tens digit of (-4 - 3326)*56/(-140)?
3
Let h = 2 - -78. Suppose -5*n - 4*r = r + h, -4*r = -n - 26. What is the hundreds digit of 16/(-72) - 2344/n?
1
Suppose -16*d = -31845 - 17163. What is the thousands digit of d?
3
Suppose 0*w = -w + 3. Suppose 0 = 3*t - f - 225, 0 = -4*f + 14 - 2. Suppose -326 = -w*z - 5*n + t, 5*z = -4*n + 683. What is the units digit of z?
9
Let l(n) = -623*n - 983. What is the tens digit of l(-22)?
2
Suppose 764*x = 747*x + 140692. What is the tens digit of x?
7
Suppose -31*k = -37*k + 10920. Suppose 3*s = -j + k, s - 3*s + 3*j + 1206 = 0. What is the units digit of s?
6
Let w(r) = -4*r + 48. Let m be w(-11). What is the tens digit of m + 20/5*-1?
8
Suppose 51*a - 47*a = -28. Let f = -3 - a. Suppose -490 - 326 = -f*w. What is the units digit of w?
4
Let d(x) = 9 + 10 + 2*x - 10 + 1. Suppose 5*k - 75 = -5*u, u = -0*k + 5*k + 3. What is the tens digit of d(u)?
3
Let x = 48 + 65. Let m = x - 216. Let j = 147 - m. What is the units digit of j?
0
Let w(m) = 3*m**2 + 10*m + 9. Let a be w(-1). Suppose -347 = -u - 5*k, -4*u + 1426 = -k + a*k. What is the hundreds digit of u?
3
Let p(v) = 17*v - 9*v + 22 + 5*v + 14*v. Let j be p(11). Suppose j = -15*b + 3814. What is the units digit of b?
3
Let v(a) = -7*a - 19. Let w be v(-3). Suppose -1410 = -2*p - d, -w*d - 2814 = -4*p - d. What is the units digit of p?
4
Suppose 0*d - 3*m = -4*d + 10, -3*d - 5 = 4*m. Let b = 14 + d. Suppose -5*a - 2*t = -245, -b = 4*t - t. What is the tens digit of a?
5
Let t = 233 + -1388. Let c = -762 - t. What is the tens digit of c?
9
Let r(w) = -15*w - 3*w - 96*w - 4 - 10*w. What is the units digit of r(-4)?
2
What is the hundreds digit of 548667/945*(6 + -1)?
9
Let g(y) = 89*y + 119. Let k be (-2 + 5 - -8) + 2. What is the units digit of g(k)?
6
Suppose -1981408 = 480*c - 2904817 - 3389391. What is the thousands digit of c?
8
Let h = -447 + 466. Suppose 11522 + 7953 = h*q. What is the hundreds digit of q?
0
Let y = 10298 + -7331. What is the hundreds digit of y?
9
Let v(u) = u**3 - 13*u**2 + 12*u - 17. Let h(a) = -16*a - 144. Let s be h(-10). What is the tens digit of v(s)?
4
Let l be (-1 - 4 - 9/(-4))*716. Let j = l - -3050. What is the units digit of j?
1
Suppose -5*u + 131 + 1564 = 0. Suppose 0 = -22*y - 3022 - 1136. Let t = u + y. What is the tens digit of t?
5
Suppose 75943 = 53*r + 45323 - 64886. What is the units digit of r?
2
Let f(i) = 43 - i**2 - 41 - 2*i + 29. Let p be f(-6). Suppose -1760 = -p*l - 542. What is the units digit of l?
4
Suppose 9*o = 23*o - 70. Suppose 122 = o*b + 4*s, 4*b - s - 120 = -35. What is the tens digit of b?
2
Suppose y + 4*b = 15, -19 = -4*y - 4*b + 5. Suppose -y*v + 428 = 59. What is the hundreds digit of v?
1
Let q(r) = 561*r - 21. Let h = 374 + -373. What is the hundreds digit of q(h)?
5
Let k be (-381 - (0 - -3))/(1/(-2)). Suppose -117*h - k = -119*h. What is the units digit of h?
4
Suppose 2*w = 6*w - 4*n - 28, 3*w - 15 = n. Let b be (w - -5 - 3)*(1 + 0). Suppose -10*u = -b*u - 212. What is the units digit of u?
3
Suppose 2744 - 1904 - 30196 = -4*g. What is the thousands digit of g?
7
Let x(n) = -3*n**2 + 7*n - 11. Let i(q) = 8*q**2 - 22*q + 34. Let y(z) = 4*i(z) + 11*x(z). Let r be y(-8). Let j = r + 99. What is the hundreds digit of j?
1
Suppose -367412 = -6*u - 5*o, -u + 35*o - 30*o = -61247. What is the tens digit of u?
3
Let a be 5859/(-18)*4/3. Let n = 991 + a. Suppose -5*m + b = -350 - 581, 3*m = b + n. What is the tens digit of m?
8
Let a be 4/(-2) - -4 - (6 + -199). Suppose -a = -5*o - 0*o + 5*g, 0 = -2*o - 3*g + 58. What is the units digit of 2/(-7) + 6485/o*1?
5
Let m = 431 - 420. What is the units digit of (m - 6)*(-7604)/(-20)?
1
Let s be 23721/(-6)*(-2 - 0/(-5)). What is the tens digit of s/11 - ((-32)/11)/16?
1
Let c(l) be the first derivative of -6*l**2 + l - 3. Let d be c(-4). Let o = d - 21. What is the units digit of o?
8
Let x be ((-4)/12)/(0 + (-3)/(-9)). Let k be (-1)/((-5)/15) + (-1)/x. Suppose -158 = -2*w + 3*l + 316, -920 = -k*w - l. What is the units digit of w?
1
Let y = 1174 - 2232. What is the tens digit of ((-78)/12 - -6)*y?
2
Let r(s) be the third derivative of s**6/72 - 5*s**5/24 - 7*s**4/12 - 22*s**2. Let p(t) be the second derivative of r(t). What is the hundreds digit of p(22)?
1
Suppose -4*d + 4*w + 114 + 502 = 0, -3*w + 623 = 4*d. Suppose -f = 3*k + 4*f + 10, 0 = -3*k + 2*f + 25. Suppose 0*b = k*b - d. What is the units digit of b?
1
What is the units digit of 9*(-6)/(-117) + (-167896)/(-26)?
8
Let n = 54 - 55. Let m be (-2 - n) + 2 + 8. What is the tens digit of 12/m*93 - -2?
2
Suppose 0 = 2*i + 4*i - 15480. Suppose 45*w - 65*w + i = 0. What is the hundreds digit of w?
1
Suppose 121 = -3*l + 4*l. Suppose -2*s = -2*g + 656, 4*g + s = 449 + 868. Suppose 0 = 3*m - q - g, 4*m = q + 561 - l. What is the tens digit of m?
1
Let h be 4 - (1 - -2*(-5)/(-10)). Suppose d = s + h*s - 852, -3*d = 5*s - 1406. What is the hundreds digit of s?
2
What is the units digit of (-42)/(-357) + 1103526/102?
9
Let f be (-2)/5 + (-884442)/195. What is the hundreds digit of ((-2)/((-18)/(-69)))/(28/f)?
2
Let h be 2 + 386 + 2/(-1). Let m be 17298/63 - 12/(-28). Let k = h - m. What is the units digit of k?
1
Let l(g) = 21*g**2 - 3*g + 23. Let z be 8 + 100/(-12) + (-19)/(-3). What is the units digit of l(z)?
1
Suppose 23*q - 21*q = -4. Let x be ((-2 - -4) + q)/(-3). Suppose -4*o + 114 - 6 = x. What is the units digit of o?
7
Let u(n) = -508*n - 8. Suppose -2*w - 4*g = 14, -w + 5*g = g - 11. What is the tens digit of u(w)?
0
Let k(g) = 2*g**3 + 15*g**2 - 4*g - 17. Let p be k(9). Suppose -5*r = -4*z - 379 + 3002, 4*z - 4*r = p. What is the units digit of z?
2
Let q = -11 + 54. Suppose 0 = -q*b + 31*b + 2124. What is the tens digit of b?
7
Let t(s) = 2*s**2 - 201*s + 51. What is the ten thousands digit of t(-80)?
2
Let d = 163 + -105. Let w = d - 49. Suppose -4*c + 457 = 3*y, -800 = 4*y - w*y + c. What is the tens digit of y?
5
Let j(w) = 31*w - 859. What is the units digit of j(28)?
9
Suppose 3*g = 6*g - 5*u - 2, 4*u = 5*g + 1. Let k = -81 - -82. What is the tens digit of (-25)/(k*(0 + g))?
2
Let s = -425 + 507. Let l = 1367 - s. What is the units digit of l?
5
What is the thousands digit of 34479 + ((-50)/(9 + -4) - -14)?
4
Let r be 6/8 + 10*1/8. What is the units digit of r/(-22) - 578205/(-495)?
8
Let x(u) = u**3 - 45*u**2 + 89*u - 134. Let m be x(43). Let w(o) = -6 - 15*o - 6 - 3. What is the units digit of w(m)?
0
Suppose -2*q - 6 = -z - 1, 0 = 3*q + z + 10. Let d be 15/(-10)*(-54)/(-9). What is the units digit of 2 - (1 - 237/d*q)?
0
Suppose 129*p - 2379231 = 17*p + 683521. What is the thousands digit of p?
7
Let f = 14468 + -5435. What is the hundreds digit of f?
0
Let j(z) = -6*z + 2*z + z - 4*z. Let n be ((-58)/8)/1 - 85/(-68). What is the tens digit of j(n)?
4
Let a = 3294 - 2288. Let k = -525 + a. What is the hundreds digit of k?
4
Let f be 868/308 - 2/(-11). Suppose 1386 = 3*g + f*r, 7*g + 936 = 9*g - 4*r. What is the tens digit of g?
6
Suppose 0 = 139*g - 11*g - 2531666 - 387374. What is the units digit of g?
5
Let t = 12102 + -6636. Suppose -10*g = -t - 1094. What is the units digit of g?
6
What is the units digit of (-3)/(-81)*6 + (-14)/(-18) + 11285?
6
Suppose -4*a + 8 = 2*i + i, -5*i - 8 = -4*a. Suppose 0 = w - 2*f - a*f - 641, 5*w - 4*f = 3189. What is the units digit of w?
7
Let j(l) = -12617*l**3 + 4*l**2 + 14*l + 13. What is the thousands digit of j(-1)?
2
Let u(g) = -g**3 - 10*g**2 + 8*g + 5